= 8. What is the highest common factor of s and 24?
24
Let u = 31481 + -30985. Calculate the highest common divisor of u and 3131.
31
Suppose i = 3, -i = 3*m - 5*i - 888. Let x = 20958 + -20733. Calculate the greatest common divisor of x and m.
75
Suppose 218 = -6*f + 290. Suppose 6*u - f = 3*u, -3*j = -3*u - 312. Let a = 30 + 42. Calculate the highest common divisor of j and a.
36
Let n(p) = 106*p**2 + 2*p + 9. Let o be n(-4). Suppose o = 12*u - 2047. Calculate the highest common factor of u and 26.
26
Let w(l) = l + 3. Let f be w(0). Let a = 99 - 80. Let n be 10/8*(-7 + a). Calculate the greatest common factor of n and f.
3
Suppose 135 = -76*a + 1199. Calculate the greatest common divisor of 2 and a.
2
Let u(r) = -4*r**2 - 6*r + 20 + 18 - 29 + r**3 - r. Let k be u(6). Let y be k/(-13) - (1 - -2)*-16. Calculate the greatest common factor of 15 and y.
15
Suppose -6*z = -5*z + 50. Let x = -2 - z. Calculate the highest common factor of 72 and x.
24
Let t(d) = d**3 - 11*d**2 - 13*d + 8. Let o be t(12). Let c be (o - 1 - -2)/(2/(-26)). Let u = 16 - -10. Calculate the greatest common factor of u and c.
13
Let s be (0 - 1)*(-1 + 4 + -7). Suppose 0 = s*h + 3*r - 25, -3*h - 23 = -7*h - 5*r. Suppose h*v + 420 = 10*v. Calculate the greatest common factor of 20 and v.
20
Let z(o) = 31*o + 58. Let q(c) = -21*c - 37. Let l(m) = 7*q(m) + 5*z(m). Let y be l(3). What is the highest common factor of 5 and y?
5
Let o be -40*(-3 - -1*(-9)/(-12)). Suppose 79*c = 74*c + o. What is the greatest common factor of 99 and c?
9
Let m = 364 - 620. Let d = 274 + m. Calculate the greatest common factor of d and 102.
6
Let v be (-1 + -15)*(-42)/63*(-243)/(-8). Calculate the greatest common factor of v and 84.
12
Let p = 15558 + -15131. What is the highest common factor of 3721 and p?
61
Let x = 16 - 36. Let l(v) = -v**2 - 38*v + 16. Let o be l(x). Calculate the greatest common factor of o and 47.
47
Let y = -15800 + 16157. What is the highest common divisor of y and 3774?
51
Let t(q) = -46*q - 25. Suppose 8 = -3*m - 10. Let w be t(m). Suppose w = 5*d + 71. What is the greatest common factor of d and 6?
6
Let h be 5/(-30) + 4539/18. Suppose -3*t + 4*x = -158, 0 = 3*t + 2*t - x - h. Suppose -2*c + 40 = 2*c. Calculate the greatest common factor of c and t.
10
Suppose 30 = 5*z - 5*j, -z - 7*j = -5*j. Suppose z*n = 399 + 417. What is the greatest common factor of 12 and n?
12
Let b(j) = -431*j + 1952. Let l be b(0). Calculate the greatest common factor of l and 32.
32
Let q(h) = -h**3 - 8*h**2 - 11*h - 18. Let g = -246 - -239. Let b be q(g). Calculate the highest common factor of 90 and b.
10
Let a(w) = -4*w - 52. Let x be a(-19). Let y = x - -16. Suppose 2*i + 0*i - 10 = 0. Calculate the highest common factor of y and i.
5
Let w(d) = -d**3 - 11*d**2 - 6*d + 12. Let l be -2*(-4)/(-8) - 8. Let s be w(l). Let u be 114/4*s/(-36). What is the greatest common divisor of u and 19?
19
Suppose 0 = -9*g - 2*f + 16, -55*g - 1 = -57*g - 3*f. What is the highest common factor of 293 and g?
1
Let p = -40 + 49. Let v = -97 + 98. What is the greatest common factor of p and v?
1
Suppose -l + 40 = 4. Suppose 11*u - 25 = -3*h + 9*u, -l = -4*h - 4*u. Calculate the greatest common factor of 175 and h.
7
Suppose 4*l + p + 477 = 0, 2*l - 4*p + 203 + 13 = 0. Let h = 140 + l. Let v be (-3 - h)/(-4 + 3). Calculate the highest common divisor of v and 200.
25
Let w = -72 - -224. Let j = -119 + w. What is the greatest common divisor of j and 3?
3
Suppose -t + 4*p = -23, -100*t = -102*t - 4*p + 22. What is the highest common divisor of t and 125?
5
Suppose 3*q = -2*r + 76, 4*q + 20*r - 19*r = 103. Calculate the highest common factor of q and 6.
2
Suppose -8*m - 3264 = -3488. Let n(t) = -3*t + 252. Let h be n(0). What is the highest common divisor of m and h?
28
Let s = -20379 + 20426. Let d(r) = -r - 5. Let i be d(-6). What is the greatest common factor of s and i?
1
Let r be 2/3 + 861/(-9). Let b = r - -31. Let s = 107 - b. Calculate the greatest common factor of s and 19.
19
Suppose 5*o - 2*d - 20 = 0, 4*o - 22 = -2*d + 12. Suppose o*n = -15*n + 189. What is the greatest common factor of n and 12?
3
Let y(i) = 88*i. Let v be -3 + 1 + (-570)/15. Let t = v - -41. Let f be y(t). What is the highest common divisor of f and 11?
11
Suppose -2*v - m + 31 = 0, 33*m - 35*m + 28 = 2*v. Let s = -14 - 74. Let y = s + 156. What is the greatest common factor of y and v?
17
Suppose -5*d + 2*d = 36. Let o = -10 - d. Let g(j) = 2*j**2 + 11*j - 74. Let x be g(-10). What is the greatest common factor of o and x?
2
Suppose 5*o = o - v - 39, 0 = -2*o + v - 15. Let z = 31 + o. Calculate the greatest common divisor of 143 and z.
11
Let l(b) = -48*b - 1. Suppose 3*a = -2*q - a + 18, -2*q + 13 = 3*a. Let u be l(q). Calculate the highest common factor of u and 517.
47
Suppose 772 = 4*w - 2*s - 1224, 4*s + 24 = 0. What is the greatest common divisor of 144 and w?
16
Let c be 6600/25 + (-1 + 2)/1. Let a = -260 + c. Calculate the greatest common factor of 25 and a.
5
Suppose -54*o - 90 = 61*o - 125*o. Suppose -3*m = -7 + 1. Suppose 144 = m*n - 0*n. Calculate the highest common factor of n and o.
9
Suppose 306 = m - 180. Let c be (-11 - 6 - 88/(-11))/(2/(-6)). Calculate the greatest common factor of c and m.
27
Let h = 30 + -25. Let q(b) = 3*b - 10*b + h + 5*b. Let j be q(-4). Calculate the greatest common factor of 91 and j.
13
Suppose 2*b = 6, 4*c - 83 = -26*b + 25*b. What is the highest common divisor of 2690 and c?
10
Let z = -23 + 19. Let r be (z/(-3))/(6/18). Suppose -r*s + 41 = -v - 4*v, 3*s - 51 = -3*v. What is the highest common divisor of 21 and s?
7
Let i(n) = n**2 - 38*n + 66. Let g be i(36). Let u be (-1)/g - 329/(-42). Calculate the greatest common divisor of u and 72.
8
Let i(r) = r - 26. Let s be i(47). Calculate the highest common divisor of 4893 and s.
21
Suppose 2*l - 3*p - 37 = 0, -3*p - 105 = -5*l - 8. Suppose -2*g + 3*a + 13 = 0, 16 = g + 2*a + 6. Calculate the highest common divisor of g and l.
4
Suppose 7*u - 530 = 2361. Let t = u - 369. What is the greatest common divisor of 748 and t?
44
Suppose -3*f + 5*a + 22 = -2*f, 3*f = 4*a + 88. Suppose -6*y = -41 + 17. What is the highest common factor of y and f?
4
Let q(m) = -m**3 + 15*m + 312. Let l be q(0). Calculate the greatest common factor of l and 832.
104
Let v(m) = 3*m + 5. Let g be v(-5). Let z be (4/7)/(g/(-105)). Suppose 0 = -z*o + 4*o + 18. Calculate the highest common divisor of o and 45.
9
Let s be 180*((-23)/46 - (-132)/16). Calculate the highest common divisor of s and 135.
45
Suppose 38*f - 609 = 9*f. Calculate the greatest common factor of f and 1022.
7
Let k be -1*(14/(-2) + 2). Suppose -g + 20 = 4*g. Suppose 0 = 4*o - g, -6*u + k*o + 67 = -3*u. Calculate the greatest common divisor of 192 and u.
24
Suppose -14360 = -20*p - 20*p. Suppose 7*l - 145 = p. What is the greatest common factor of l and 90?
18
Let s = -908 + 1038. Let c = -3 + 7. Suppose -b + s = c*b. Calculate the highest common factor of b and 2.
2
Let g be ((-130)/(-8))/((-81)/(-324)). What is the highest common divisor of g and 403?
13
Suppose 3004 = 103*l - 8786 - 30749. Calculate the greatest common factor of l and 354.
59
Let y = -498 - -528. Let o be 91 - (-1 - 2/1). Suppose 206 = 4*s - o. Calculate the greatest common factor of y and s.
15
Let q = -64 + 54. Let a be (-9)/6 - q/(-4)*-1. Suppose 7*s - 6 = 1. What is the highest common factor of a and s?
1
Suppose -2730*j = -2810*j + 3840. What is the greatest common factor of 1962 and j?
6
Let l = -1657 + 2325. Suppose 276 - l = -8*x. What is the highest common divisor of 49 and x?
49
Let r be ((0 - 0/2)/(-1))/3. Suppose 2*p + 6*p - 16 = r. Suppose 0 = -p*v + 6 - 2. What is the greatest common divisor of 14 and v?
2
Let i(q) = 2*q**3 - 59*q**2 + 45*q + 138. Let b be i(29). What is the highest common divisor of 1720 and b?
86
Let k = 29 + -17. Let o(j) = -j**2 + 14*j - 3. Let u be o(k). Suppose -4*c = 0, 0 = -3*l + 6*c - 11*c + 126. What is the greatest common factor of l and u?
21
Let s = -16 + 27. Suppose 3*n - 462 = 3*x, 0*n + 5*x = -n + 130. Let f = 238 - n. Calculate the highest common factor of f and s.
11
Let h = 387 - 374. Let w be h + -16 + 320 - (2 + 0). What is the highest common divisor of 75 and w?
15
Let s = 58 + 